{"id":2,"date":"2020-03-05T22:23:15","date_gmt":"2020-03-05T21:23:15","guid":{"rendered":"http:\/\/www.villadjerba.be\/blog\/?page_id=2"},"modified":"2020-03-11T20:16:57","modified_gmt":"2020-03-11T19:16:57","slug":"la-maison","status":"publish","type":"page","link":"https:\/\/www.villadjerba.be\/blog\/index.php\/la-maison\/","title":{"rendered":"La maison"},"content":{"rendered":"\n<h2>Piscine<\/h2>\n\n\n\n<p>C&rsquo;est celle qui est montr\u00e9e sur la page d&rsquo;accueil, elle occupe le centre de la villa, les diff\u00e9rentes pi\u00e8ces \u00e9tant dispos\u00e9es tout autour.   Donc aucune visibilit\u00e9 de l&rsquo;ext\u00e9rieur. <\/p>\n\n\n\n<h2>Les chambres<\/h2>\n\n\n\n<p>4 chambres et 3 salles de bain.   9 couchages + 1 lit b\u00e9b\u00e9.    2 suites<\/p>\n\n\n\n<figure class=\"wp-block-gallery columns-2 is-cropped\"><ul class=\"blocks-gallery-grid\"><li class=\"blocks-gallery-item\"><figure><img loading=\"lazy\" width=\"800\" height=\"600\" src=\"http:\/\/www.villadjerba.be\/blog\/wp-content\/uploads\/2020\/03\/Projet_html_e653f0466a890f6.png\" alt=\"\" data-id=\"72\" data-full-url=\"http:\/\/www.villadjerba.be\/blog\/wp-content\/uploads\/2020\/03\/Projet_html_e653f0466a890f6.png\" data-link=\"http:\/\/www.villadjerba.be\/blog\/index.php\/page-d-exemple\/projet_html_e653f0466a890f6\/\" class=\"wp-image-72\" srcset=\"https:\/\/www.villadjerba.be\/blog\/wp-content\/uploads\/2020\/03\/Projet_html_e653f0466a890f6.png 800w, https:\/\/www.villadjerba.be\/blog\/wp-content\/uploads\/2020\/03\/Projet_html_e653f0466a890f6-300x225.png 300w, https:\/\/www.villadjerba.be\/blog\/wp-content\/uploads\/2020\/03\/Projet_html_e653f0466a890f6-768x576.png 768w\" sizes=\"(max-width: 767px) 89vw, (max-width: 1000px) 54vw, (max-width: 1071px) 543px, 580px\" \/><\/figure><\/li><li class=\"blocks-gallery-item\"><figure><img loading=\"lazy\" width=\"1024\" height=\"768\" src=\"http:\/\/www.villadjerba.be\/blog\/wp-content\/uploads\/2020\/03\/20200302_171522-1024x768.jpg\" alt=\"chambre double no 1\" data-id=\"37\" data-full-url=\"http:\/\/www.villadjerba.be\/blog\/wp-content\/uploads\/2020\/03\/20200302_171522-scaled.jpg\" data-link=\"http:\/\/www.villadjerba.be\/blog\/index.php\/a-propos-de\/20200302_171522\/\" class=\"wp-image-37\" srcset=\"https:\/\/www.villadjerba.be\/blog\/wp-content\/uploads\/2020\/03\/20200302_171522-1024x768.jpg 1024w, https:\/\/www.villadjerba.be\/blog\/wp-content\/uploads\/2020\/03\/20200302_171522-300x225.jpg 300w, https:\/\/www.villadjerba.be\/blog\/wp-content\/uploads\/2020\/03\/20200302_171522-768x576.jpg 768w, https:\/\/www.villadjerba.be\/blog\/wp-content\/uploads\/2020\/03\/20200302_171522-1536x1152.jpg 1536w, https:\/\/www.villadjerba.be\/blog\/wp-content\/uploads\/2020\/03\/20200302_171522-2048x1536.jpg 2048w\" sizes=\"(max-width: 767px) 89vw, (max-width: 1000px) 54vw, (max-width: 1071px) 543px, 580px\" \/><\/figure><\/li><\/ul><\/figure>\n\n\n\n<h2>La cuisine<\/h2>\n\n\n\n<p>Enti\u00e8rement \u00e9quip\u00e9e, elle comprend :<\/p>\n\n\n\n<ul><li>Four<\/li><li>Frigo + cong\u00e9lateur<\/li><li>Machine \u00e0 laver<\/li><li>Lave vaisselle<\/li><li>Micro ondes<\/li><li>Presse fruits<\/li><li>etc &#8230;.<\/li><\/ul>\n\n\n\n<figure class=\"wp-block-image size-large\"><img loading=\"lazy\" width=\"1024\" height=\"768\" src=\"http:\/\/www.villadjerba.be\/blog\/wp-content\/uploads\/2020\/03\/20200302_171729-1024x768.jpg\" alt=\"cuisine\" class=\"wp-image-41\" srcset=\"https:\/\/www.villadjerba.be\/blog\/wp-content\/uploads\/2020\/03\/20200302_171729-1024x768.jpg 1024w, https:\/\/www.villadjerba.be\/blog\/wp-content\/uploads\/2020\/03\/20200302_171729-300x225.jpg 300w, https:\/\/www.villadjerba.be\/blog\/wp-content\/uploads\/2020\/03\/20200302_171729-768x576.jpg 768w, https:\/\/www.villadjerba.be\/blog\/wp-content\/uploads\/2020\/03\/20200302_171729-1536x1152.jpg 1536w, https:\/\/www.villadjerba.be\/blog\/wp-content\/uploads\/2020\/03\/20200302_171729-2048x1536.jpg 2048w\" sizes=\"(max-width: 767px) 89vw, (max-width: 1000px) 54vw, (max-width: 1071px) 543px, 580px\" \/><\/figure>\n\n\n\n<h2>Salon TV<\/h2>\n\n\n\n<figure class=\"wp-block-image size-large\"><img loading=\"lazy\" width=\"1024\" height=\"768\" src=\"http:\/\/www.villadjerba.be\/blog\/wp-content\/uploads\/2020\/03\/20200302_171657-1024x768.jpg\" alt=\"salon\" class=\"wp-image-40\" srcset=\"https:\/\/www.villadjerba.be\/blog\/wp-content\/uploads\/2020\/03\/20200302_171657-1024x768.jpg 1024w, https:\/\/www.villadjerba.be\/blog\/wp-content\/uploads\/2020\/03\/20200302_171657-300x225.jpg 300w, https:\/\/www.villadjerba.be\/blog\/wp-content\/uploads\/2020\/03\/20200302_171657-768x576.jpg 768w, https:\/\/www.villadjerba.be\/blog\/wp-content\/uploads\/2020\/03\/20200302_171657-1536x1152.jpg 1536w, https:\/\/www.villadjerba.be\/blog\/wp-content\/uploads\/2020\/03\/20200302_171657-2048x1536.jpg 2048w\" sizes=\"(max-width: 767px) 89vw, (max-width: 1000px) 54vw, (max-width: 1071px) 543px, 580px\" \/><\/figure>\n\n\n\n<h2>Salle \u00e0 manger   ( living )<\/h2>\n\n\n\n<figure class=\"wp-block-image size-large\"><img loading=\"lazy\" width=\"800\" height=\"600\" src=\"http:\/\/www.villadjerba.be\/blog\/wp-content\/uploads\/2020\/03\/living2.jpeg\" alt=\"\" class=\"wp-image-83\" srcset=\"https:\/\/www.villadjerba.be\/blog\/wp-content\/uploads\/2020\/03\/living2.jpeg 800w, https:\/\/www.villadjerba.be\/blog\/wp-content\/uploads\/2020\/03\/living2-300x225.jpeg 300w, https:\/\/www.villadjerba.be\/blog\/wp-content\/uploads\/2020\/03\/living2-768x576.jpeg 768w\" sizes=\"(max-width: 767px) 89vw, (max-width: 1000px) 54vw, (max-width: 1071px) 543px, 580px\" \/><\/figure>\n\n\n\n<h2>Et encore &#8230;<\/h2>\n\n\n\n<ul><li>Double enceinte autour de la maison<\/li><li>Alarme<\/li><li>Patio ombrag\u00e9<\/li><li>7 transats<\/li><li>barbecue<\/li><li>wi-fi<\/li><\/ul>\n\n\n\n<h2>La vue &#8230;.<\/h2>\n\n\n\n<figure class=\"wp-block-image size-large\"><img loading=\"lazy\" width=\"1024\" height=\"768\" src=\"http:\/\/www.villadjerba.be\/blog\/wp-content\/uploads\/2020\/03\/jacck-060-1024x768.jpg\" alt=\"soleil couchant 3\" class=\"wp-image-52\" srcset=\"https:\/\/www.villadjerba.be\/blog\/wp-content\/uploads\/2020\/03\/jacck-060-1024x768.jpg 1024w, https:\/\/www.villadjerba.be\/blog\/wp-content\/uploads\/2020\/03\/jacck-060-300x225.jpg 300w, https:\/\/www.villadjerba.be\/blog\/wp-content\/uploads\/2020\/03\/jacck-060-768x576.jpg 768w, https:\/\/www.villadjerba.be\/blog\/wp-content\/uploads\/2020\/03\/jacck-060-1536x1152.jpg 1536w, https:\/\/www.villadjerba.be\/blog\/wp-content\/uploads\/2020\/03\/jacck-060-2048x1536.jpg 2048w\" sizes=\"(max-width: 767px) 89vw, (max-width: 1000px) 54vw, (max-width: 1071px) 543px, 580px\" \/><\/figure>\n","protected":false},"excerpt":{"rendered":"<p>Piscine C&rsquo;est celle qui est montr\u00e9e sur la page d&rsquo;accueil, elle occupe le centre de la villa, les diff\u00e9rentes pi\u00e8ces \u00e9tant dispos\u00e9es tout autour. Donc aucune visibilit\u00e9 de l&rsquo;ext\u00e9rieur. Les chambres 4 chambres et 3 salles de bain. 9 couchages + 1 lit b\u00e9b\u00e9. 2 suites La cuisine Enti\u00e8rement \u00e9quip\u00e9e, elle comprend : Four Frigo &hellip; <\/p>\n<p class=\"link-more\"><a href=\"https:\/\/www.villadjerba.be\/blog\/index.php\/la-maison\/\" class=\"more-link\">Continuer la lecture<span class=\"screen-reader-text\"> de &laquo;&nbsp;La maison&nbsp;&raquo;<\/span><\/a><\/p>\n","protected":false},"author":1,"featured_media":0,"parent":0,"menu_order":0,"comment_status":"closed","ping_status":"open","template":"","meta":[],"_links":{"self":[{"href":"https:\/\/www.villadjerba.be\/blog\/index.php\/wp-json\/wp\/v2\/pages\/2"}],"collection":[{"href":"https:\/\/www.villadjerba.be\/blog\/index.php\/wp-json\/wp\/v2\/pages"}],"about":[{"href":"https:\/\/www.villadjerba.be\/blog\/index.php\/wp-json\/wp\/v2\/types\/page"}],"author":[{"embeddable":true,"href":"https:\/\/www.villadjerba.be\/blog\/index.php\/wp-json\/wp\/v2\/users\/1"}],"replies":[{"embeddable":true,"href":"https:\/\/www.villadjerba.be\/blog\/index.php\/wp-json\/wp\/v2\/comments?post=2"}],"version-history":[{"count":6,"href":"https:\/\/www.villadjerba.be\/blog\/index.php\/wp-json\/wp\/v2\/pages\/2\/revisions"}],"predecessor-version":[{"id":85,"href":"https:\/\/www.villadjerba.be\/blog\/index.php\/wp-json\/wp\/v2\/pages\/2\/revisions\/85"}],"wp:attachment":[{"href":"https:\/\/www.villadjerba.be\/blog\/index.php\/wp-json\/wp\/v2\/media?parent=2"}],"curies":[{"name":"wp","href":"https:\/\/api.w.org\/{rel}","templated":true}]}}

<h2>Piscine</h2>



<p>C&rsquo;est celle qui est montrée sur la page d&rsquo;accueil, elle occupe le centre de la villa, les différentes pièces étant disposées tout autour.   Donc aucune visibilité de l&rsquo;extérieur. </p>



<h2>Les chambres</h2>



<p>4 chambres et 3 salles de bain.   9 couchages + 1 lit bébé.    2 suites</p>



<figure class="wp-block-gallery columns-2 is-cropped"><ul class="blocks-gallery-grid"><li class="blocks-gallery-item"><figure><img loading="lazy" width="800" height="600" src="http://www.villadjerba.be/blog/wp-content/uploads/2020/03/Projet_html_e653f0466a890f6.png" alt="" data-id="72" data-full-url="http://www.villadjerba.be/blog/wp-content/uploads/2020/03/Projet_html_e653f0466a890f6.png" data-link="http://www.villadjerba.be/blog/index.php/page-d-exemple/projet_html_e653f0466a890f6/" class="wp-image-72" srcset="https://www.villadjerba.be/blog/wp-content/uploads/2020/03/Projet_html_e653f0466a890f6.png 800w, https://www.villadjerba.be/blog/wp-content/uploads/2020/03/Projet_html_e653f0466a890f6-300x225.png 300w, https://www.villadjerba.be/blog/wp-content/uploads/2020/03/Projet_html_e653f0466a890f6-768x576.png 768w" sizes="(max-width: 767px) 89vw, (max-width: 1000px) 54vw, (max-width: 1071px) 543px, 580px" /></figure></li><li class="blocks-gallery-item"><figure><img loading="lazy" width="1024" height="768" src="http://www.villadjerba.be/blog/wp-content/uploads/2020/03/20200302_171522-1024x768.jpg" alt="chambre double no 1" data-id="37" data-full-url="http://www.villadjerba.be/blog/wp-content/uploads/2020/03/20200302_171522-scaled.jpg" data-link="http://www.villadjerba.be/blog/index.php/a-propos-de/20200302_171522/" class="wp-image-37" srcset="https://www.villadjerba.be/blog/wp-content/uploads/2020/03/20200302_171522-1024x768.jpg 1024w, https://www.villadjerba.be/blog/wp-content/uploads/2020/03/20200302_171522-300x225.jpg 300w, https://www.villadjerba.be/blog/wp-content/uploads/2020/03/20200302_171522-768x576.jpg 768w, https://www.villadjerba.be/blog/wp-content/uploads/2020/03/20200302_171522-1536x1152.jpg 1536w, https://www.villadjerba.be/blog/wp-content/uploads/2020/03/20200302_171522-2048x1536.jpg 2048w" sizes="(max-width: 767px) 89vw, (max-width: 1000px) 54vw, (max-width: 1071px) 543px, 580px" /></figure></li></ul></figure>



<h2>La cuisine</h2>



<p>Entièrement équipée, elle comprend :</p>



<ul><li>Four</li><li>Frigo + congélateur</li><li>Machine à laver</li><li>Lave vaisselle</li><li>Micro ondes</li><li>Presse fruits</li><li>etc &#8230;.</li></ul>



<figure class="wp-block-image size-large"><img loading="lazy" width="1024" height="768" src="http://www.villadjerba.be/blog/wp-content/uploads/2020/03/20200302_171729-1024x768.jpg" alt="cuisine" class="wp-image-41" srcset="https://www.villadjerba.be/blog/wp-content/uploads/2020/03/20200302_171729-1024x768.jpg 1024w, https://www.villadjerba.be/blog/wp-content/uploads/2020/03/20200302_171729-300x225.jpg 300w, https://www.villadjerba.be/blog/wp-content/uploads/2020/03/20200302_171729-768x576.jpg 768w, https://www.villadjerba.be/blog/wp-content/uploads/2020/03/20200302_171729-1536x1152.jpg 1536w, https://www.villadjerba.be/blog/wp-content/uploads/2020/03/20200302_171729-2048x1536.jpg 2048w" sizes="(max-width: 767px) 89vw, (max-width: 1000px) 54vw, (max-width: 1071px) 543px, 580px" /></figure>



<h2>Salon TV</h2>



<figure class="wp-block-image size-large"><img loading="lazy" width="1024" height="768" src="http://www.villadjerba.be/blog/wp-content/uploads/2020/03/20200302_171657-1024x768.jpg" alt="salon" class="wp-image-40" srcset="https://www.villadjerba.be/blog/wp-content/uploads/2020/03/20200302_171657-1024x768.jpg 1024w, https://www.villadjerba.be/blog/wp-content/uploads/2020/03/20200302_171657-300x225.jpg 300w, https://www.villadjerba.be/blog/wp-content/uploads/2020/03/20200302_171657-768x576.jpg 768w, https://www.villadjerba.be/blog/wp-content/uploads/2020/03/20200302_171657-1536x1152.jpg 1536w, https://www.villadjerba.be/blog/wp-content/uploads/2020/03/20200302_171657-2048x1536.jpg 2048w" sizes="(max-width: 767px) 89vw, (max-width: 1000px) 54vw, (max-width: 1071px) 543px, 580px" /></figure>



<h2>Salle à manger   ( living )</h2>



<figure class="wp-block-image size-large"><img loading="lazy" width="800" height="600" src="http://www.villadjerba.be/blog/wp-content/uploads/2020/03/living2.jpeg" alt="" class="wp-image-83" srcset="https://www.villadjerba.be/blog/wp-content/uploads/2020/03/living2.jpeg 800w, https://www.villadjerba.be/blog/wp-content/uploads/2020/03/living2-300x225.jpeg 300w, https://www.villadjerba.be/blog/wp-content/uploads/2020/03/living2-768x576.jpeg 768w" sizes="(max-width: 767px) 89vw, (max-width: 1000px) 54vw, (max-width: 1071px) 543px, 580px" /></figure>



<h2>Et encore &#8230;</h2>



<ul><li>Double enceinte autour de la maison</li><li>Alarme</li><li>Patio ombragé</li><li>7 transats</li><li>barbecue</li><li>wi-fi</li></ul>



<h2>La vue &#8230;.</h2>



<figure class="wp-block-image size-large"><img loading="lazy" width="1024" height="768" src="http://www.villadjerba.be/blog/wp-content/uploads/2020/03/jacck-060-1024x768.jpg" alt="soleil couchant 3" class="wp-image-52" srcset="https://www.villadjerba.be/blog/wp-content/uploads/2020/03/jacck-060-1024x768.jpg 1024w, https://www.villadjerba.be/blog/wp-content/uploads/2020/03/jacck-060-300x225.jpg 300w, https://www.villadjerba.be/blog/wp-content/uploads/2020/03/jacck-060-768x576.jpg 768w, https://www.villadjerba.be/blog/wp-content/uploads/2020/03/jacck-060-1536x1152.jpg 1536w, https://www.villadjerba.be/blog/wp-content/uploads/2020/03/jacck-060-2048x1536.jpg 2048w" sizes="(max-width: 767px) 89vw, (max-width: 1000px) 54vw, (max-width: 1071px) 543px, 580px" /></figure>

<p>Piscine C&rsquo;est celle qui est montrée sur la page d&rsquo;accueil, elle occupe le centre de la villa, les différentes pièces étant disposées tout autour. Donc aucune visibilité de l&rsquo;extérieur. Les chambres 4 chambres et 3 salles de bain. 9 couchages + 1 lit bébé. 2 suites La cuisine Entièrement équipée, elle comprend : Four Frigo &hellip; </p>
<p class="link-more"><a href="https://www.villadjerba.be/blog/index.php/la-maison/" class="more-link">Continuer la lecture<span class="screen-reader-text"> de &laquo;&nbsp;La maison&nbsp;&raquo;</span></a></p>
